dreds digit of 1056463336?
3
What is the tens digit of 232463899?
9
What is the units digit of 175389970?
0
What is the tens digit of 54675269?
6
What is the hundred thousands digit of 528654554?
6
What is the billions digit of 4693719387?
4
What is the units digit of 1273821997?
7
What is the tens digit of 40064498?
9
What is the tens digit of 299105767?
6
What is the millions digit of 168747567?
8
What is the billions digit of 1740918593?
1
What is the ten millions digit of 682312650?
8
What is the hundred thousands digit of 249668702?
6
What is the tens digit of 65975226?
2
What is the millions digit of 2374635405?
4
What is the hundred millions digit of 110148822?
1
What is the billions digit of 2439435690?
2
What is the millions digit of 1122738832?
2
What is the hundred thousands digit of 151735857?
7
What is the tens digit of 262963623?
2
What is the tens digit of 42522145?
4
What is the hundreds digit of 7554754?
7
What is the ten millions digit of 598746307?
9
What is the thousands digit of 15288008?
8
What is the billions digit of 6247502338?
6
What is the ten thousands digit of 131362935?
6
What is the units digit of 296302701?
1
What is the ten millions digit of 16871104?
1
What is the thousands digit of 418014822?
4
What is the ten millions digit of 8862893062?
6
What is the ten millions digit of 38264404?
3
What is the hundreds digit of 734569394?
3
What is the units digit of 863406250?
0
What is the hundred thousands digit of 676976046?
9
What is the millions digit of 50744475?
0
What is the millions digit of 1608811405?
8
What is the ten thousands digit of 20786903?
8
What is the ten thousands digit of 10027536?
2
What is the units digit of 44391075?
5
What is the ten thousands digit of 16490477?
9
What is the millions digit of 237574374?
7
What is the millions digit of 566366765?
6
What is the ten millions digit of 23582187?
2
What is the tens digit of 192924369?
6
What is the millions digit of 19616662?
9
What is the hundred thousands digit of 126643823?
6
What is the hundred thousands digit of 45059119?
0
What is the hundred thousands digit of 1414149804?
1
What is the thousands digit of 490408896?
8
What is the hundreds digit of 898165061?
0
What is the thousands digit of 540487229?
7
What is the hundreds digit of 31322939?
9
What is the thousands digit of 53086097?
6
What is the hundred millions digit of 635211749?
6
What is the hundred thousands digit of 31959727?
9
What is the hundred millions digit of 163445485?
1
What is the ten millions digit of 42637611?
4
What is the hundred thousands digit of 658409462?
4
What is the units digit of 27372249?
9
What is the ten millions digit of 2763415990?
6
What is the units digit of 8488889?
9
What is the ten millions digit of 27870850?
2
What is the thousands digit of 459299997?
9
What is the thousands digit of 1019858161?
8
What is the millions digit of 45063593?
5
What is the ten thousands digit of 473435498?
3
What is the hundred thousands digit of 1314652207?
6
What is the ten thousands digit of 27097848?
9
What is the millions digit of 33923995?
3
What is the ten millions digit of 52723270?
5
What is the ten thousands digit of 402354028?
5
What is the ten thousands digit of 1623953059?
5
What is the units digit of 2544442308?
8
What is the hundred thousands digit of 715947842?
9
What is the tens digit of 2406831906?
0
What is the tens digit of 965118426?
2
What is the units digit of 9535969?
9
What is the hundreds digit of 380328636?
6
What is the billions digit of 1408257849?
1
What is the thousands digit of 69210611?
0
What is the units digit of 8960710?
0
What is the millions digit of 1527583067?
7
What is the hundreds digit of 20175232?
2
What is the thousands digit of 323633849?
3
What is the hundreds digit of 47715361?
3
What is the millions digit of 1179420025?
9
What is the ten millions digit of 526340156?
2
What is the tens digit of 3534777519?
1
What is the ten millions digit of 71490110?
7
What is the thousands digit of 1754675574?
5
What is the thousands digit of 288246987?
6
What is the thousands digit of 113493179?
3
What is the hundred millions digit of 518838644?
5
What is the ten thousands digit of 515764751?
6
What is the hundreds digit of 192570137?
1
What is the hundred thousands digit of 335904732?
9
What is the thousands digit of 30156976?
6
What is the hundred thousands digit of 63155231?
1
What is the ten thousands digit of 54201371?
0
What is the units digit of 64930997?
7
What is the tens digit of 570842238?
3
What is the hundred millions digit of 852328803?
8
What is the thousands digit of 81590783?
0
What is the hundred millions digit of 797402692?
7
What is the ten thousands digit of 813589685?
8
What is the hundred millions digit of 313917183?
3
What is the hundred thousands digit of 1458795098?
7
What is the hundreds digit of 371789677?
6
What is the tens digit of 235736025?
2
What is the hundred thousands digit of 5387366917?
3
What is the hundred thousands digit of 857021744?
0
What is the hundreds digit of 66045471?
4
What is the billions digit of 2929237850?
2
What is the thousands digit of 59828551?
8
What is the thousands digit of 13676526?
6
What is the thousands digit of 1017053091?
3
What is the tens digit of 11442025?
2
What is the hundreds digit of 44519158?
1
What is the ten thousands digit of 374590411?
9
What is the hundred millions digit of 1557204705?
5
What is the units digit of 427125179?
9
What is the millions digit of 178654218?
8
What is the ten thousands digit of 137626852?
2
What is the hundred millions digit of 2436121537?
4
What is the millions digit of 2244637724?
4
What is the ten thousands digit of 384433642?
3
What is the ten thousands digit of 4576924293?
2
What is the tens digit of 4552390951?
5
What is the thousands digit of 843941767?
1
What is the ten thousands digit of 387162300?
6
What is the hundreds digit of 601904267?
2
What is the millions digit of 5637947992?
7
What is the ten millions digit of 6000009247?
0
What is the thousands digit of 1313690902?
0
What is the thousands digit of 146487213?
7
What is the hundreds digit of 64241887?
8
What is the ten thousands digit of 160702?
6
What is the tens digit of 1043299341?
4
What is the hundred thousands digit of 333633390?
6
What is the hundred thousands digit of 69522491?
5
What is the tens digit of 253384628?
2
What is the thousands digit of 376555664?
5
What is the ten millions digit of 761590695?
6
What is the ten thousands digit of 1643773511?
7
What is the millions digit of 326335986?
6
What is the tens digit of 6540304?
0
What is the ten millions digit of 1117586055?
1
What is the thousands digit of 1886726228?
6
What is the millions digit of 1715092455?
5
What is the tens digit of 14839758?
5
What is the hundred thousands digit of 3677531433?
5
What is the billions digit of 4787845099?
4
What is the thousands digit of 169129940?
9
What is the ten millions digit of 62068436?
6
What is the millions digit of 7058304063?
8
What is the units digit of 1406122389?
9
What is the hundreds digit of 5211924?
9
What is the ten thousands digit of 31917171?
1
What is the tens digit of 271594068?
6
What is the thousands digit of 99234463?
4
What is the ten thousands digit of 62457504?
5
What is the tens digit of 45970170?
7
What is the units digit of 2791831932?
2
What is the hundred millions digit of 140716085?
1
What is the hundreds digit of 656357506?
5
What is the tens digit of 323316299?
9
What is the millions digit of 42264240?
2
What is the millions digit of 151629395?
1
What is the tens digit of 19043573?
7
What is the hundreds digit of 7278848780?
7
What is the tens digit of 637619298?
9
What is the thousands digit of 5420812344?
2
What is the millions digit of 6084429636?
4
What is the hundred millions digit of 563923516?
5
What is the units digit of 27627858?
8
What is the tens digit of 1730092?
9
What is the hundred thousands digit of 515277780?
2
What is the tens digit of 1737144?
4
What is the units digit of 252919461?
1
What is the hundred thousands digit of 1445591015?
5
What is the ten millions digit of 720014607?
2
What is the millions digit of 139456682?
9
What is the tens digit of 8428757102?
0
What is the tens digit of 3848776846?
4
What i